es 1474 divide 332925951?
False
Does 290 divide 16590531?
False
Is 21 a factor of 36588069?
True
Does 102 divide 19498116?
True
Does 3466 divide 1623813715?
False
Is 1472 a factor of 83388800?
True
Is 254967463 a multiple of 224?
False
Is 359 a factor of 236130831?
False
Does 48 divide 63988990?
False
Is 202804576 a multiple of 2731?
False
Does 1254 divide 250374046?
False
Is 7300680 a multiple of 498?
True
Is 20 a factor of 1882803187?
False
Does 135 divide 178817042?
False
Does 22 divide 4791795?
False
Is 181 a factor of 16114973?
True
Is 46622004 a multiple of 156?
True
Does 14 divide 1541270?
False
Is 4617840 a multiple of 568?
True
Is 2807 a factor of 213332157?
False
Is 116562367 a multiple of 1817?
True
Is 63055918 a multiple of 2753?
False
Is 3812 a factor of 2020623963?
False
Does 610 divide 521788867?
False
Is 219691008 a multiple of 116?
True
Does 712 divide 163955800?
True
Is 2109833075 a multiple of 45?
False
Is 1212701266 a multiple of 161?
True
Is 159033385 a multiple of 2737?
True
Is 83036544 a multiple of 404?
True
Is 27 a factor of 1359660149?
False
Is 389610901 a multiple of 31?
False
Is 77241416 a multiple of 172?
True
Does 12 divide 111854556?
True
Is 125 a factor of 12929375?
True
Is 6 a factor of 766602?
True
Is 13713545 a multiple of 1096?
False
Is 42 a factor of 10429272?
True
Is 14 a factor of 1236036368?
True
Is 138458133 a multiple of 1499?
True
Does 29 divide 7550962?
True
Does 11 divide 75096074?
False
Is 355 a factor of 8043590?
True
Does 283 divide 2424945851?
False
Is 41 a factor of 149974323?
False
Is 102103944 a multiple of 3?
True
Is 1097 a factor of 2530476228?
True
Is 470 a factor of 45787255?
False
Is 3125704510 a multiple of 730?
True
Is 6 a factor of 5342238?
True
Is 3706977501 a multiple of 11?
False
Does 18 divide 24711518?
False
Is 77738022 a multiple of 9?
True
Is 19223671 a multiple of 20?
False
Is 11 a factor of 243038081?
True
Is 205 a factor of 22348895?
True
Is 106529146 a multiple of 19?
False
Is 2945813970 a multiple of 9?
False
Is 579 a factor of 1277108621?
False
Does 728 divide 4547088?
True
Is 334 a factor of 124538246?
True
Is 2441147657 a multiple of 17?
True
Is 103907945 a multiple of 5?
True
Is 967258344 a multiple of 78?
True
Is 147218454 a multiple of 343?
False
Is 16 a factor of 74931664?
True
Is 4 a factor of 1569714654?
False
Does 613 divide 41875869?
True
Does 267 divide 283519725?
False
Does 809 divide 4215582462?
False
Does 126 divide 82437421?
False
Does 10 divide 147807740?
True
Is 3867679080 a multiple of 18?
True
Is 12557523 a multiple of 11?
True
Does 2872 divide 694785624?
True
Is 738509696 a multiple of 32?
True
Is 788606113 a multiple of 2974?
False
Is 222241382 a multiple of 3?
False
Does 136 divide 2168792?
True
Is 215 a factor of 30797148?
False
Is 2012016 a multiple of 167?
True
Does 3 divide 1042814826?
True
Is 48 a factor of 646979280?
True
Is 273676627 a multiple of 32?
False
Is 47669255 a multiple of 4?
False
Is 95 a factor of 138688220?
True
Does 6 divide 3260658?
True
Does 5991 divide 532242895?
False
Is 1318383893 a multiple of 54?
False
Is 266784319 a multiple of 561?
False
Does 1242 divide 53491338?
False
Is 485 a factor of 32781635?
True
Is 2503121720 a multiple of 88?
True
Does 15 divide 11638935?
True
Is 119813084 a multiple of 169?
False
Does 5 divide 28410725?
True
Is 17103853 a multiple of 16?
False
Is 368 a factor of 12674814?
False
Is 2848 a factor of 2113623264?
True
Is 183 a factor of 4691571?
True
Is 3 a factor of 545480916?
True
Is 116 a factor of 6429683077?
False
Is 42372646 a multiple of 31?
False
Does 104 divide 796834274?
False
Is 153555183 a multiple of 93?
True
Is 1566527 even?
False
Is 429 a factor of 1209401193?
True
Is 142 a factor of 16875288?
False
Is 334746636 a multiple of 26?
False
Is 465 a factor of 15988824?
False
Is 8 a factor of 30876491?
False
Does 2995 divide 268349005?
True
Is 252085729 a multiple of 233?
True
Is 22 a factor of 1042389378?
False
Does 3 divide 570562547?
False
Is 27761542 a multiple of 37?
False
Does 260 divide 115812320?
True
Is 974062998 a multiple of 51?
False
Does 1132 divide 46299932?
True
Is 45110659 a multiple of 23?
True
Does 823 divide 515201192?
False
Does 21 divide 40855935?
False
Does 1435 divide 47428185?
True
Does 405 divide 19049985?
True
Is 7131357 a multiple of 27?
False
Does 484 divide 620904652?
False
Is 737297442 a multiple of 14?
True
Does 47 divide 153804116?
True
Is 20289096 a multiple of 12?
True
Is 3047298 a multiple of 127?
False
Is 82 a factor of 14936541?
False
Is 238777513 a multiple of 199?
True
Is 806088882 a multiple of 1900?
False
Does 535 divide 221677647?
False
Is 327041970 a multiple of 356?
False
Is 13 a factor of 8398585?
True
Does 372 divide 9397839?
False
Is 1617 a factor of 60595102?
False
Does 184 divide 194719656?
True
Is 377 a factor of 11675690?
True
Is 1205 a factor of 979126190?
False
Is 305 a factor of 661236645?
True
Does 21 divide 5274801?
True
Is 94261805 a multiple of 215?
True
Is 12 a factor of 1664793003?
False
Does 30 divide 5395960?
False
Does 132 divide 138339168?
True
Is 134058528 a multiple of 912?
True
Is 1292 a factor of 67851203?
False
Does 54 divide 245520736?
False
Is 141 a factor of 55712766?
True
Does 70 divide 1289162343?
False
Does 83 divide 3422230?
False
Does 8 divide 18113442?
False
Does 2347 divide 108001385?
False
Does 22 divide 41908658?
True
Does 56 divide 6298013568?
True
Does 24 divide 476115143?
False
Is 3472 a factor of 6111886173?
False
Does 8 divide 1873720578?
False
Is 187768 a multiple of 8?
True
Is 145167855 a multiple of 7?
True
Is 70489078 a multiple of 166?
True
Is 376198309 a multiple of 89?
False
Does 52 divide 831470?
False
Is 2606 a factor of 285563754?
False
Is 1196 a factor of 46057652?
False
Is 22 a factor of 276946241?
False
Is 3665 a factor of 2340419604?
False
Does 39 divide 363102466?
False
Is 566 a factor of 1199018?
False
Is 11 a factor of 87380845?
False
Is 701 a factor of 156581669?
True
Is 2387654 a multiple of 35?
False
Is 24895075 a multiple of 25?
True
Is 1902 a factor of 81041409?
False
Does 160 divide 148552252?
False
Does 159 divide 526862400?
True
Is 715 a factor of 57238745?
False
Does 647 divide 47858444?
False
Is 59 a factor of 7655663?
True
Is 2537465796 a multiple of 6?
True
Does 4301 divide 487013488?
False
Is 49112325 a multiple of 3555?
True
Is 321 a factor of 5295422?
False
Is 38257354 a multiple of 623?
False
Does 6741 divide 794690762?
False
Is 224 a factor of 180784352?
True
Is 130 a factor of 35440860?
True
Is 59 a factor of 107303477?
True
Is 16 a factor of 2749004016?
True
Is 59 a factor of 567831338?
False
Is 183955012 a multiple of 457?
False
Is 148391880 a multiple of 856?
True
Is 113700440 a multiple of 726?
False
Does 18 divide 2230290?
True
Is 180248277 a multiple of 235?
False
Is 500 a factor of 47216000?
True
Does 52 divide 195850980?
True
Is 3 a factor of 17043931?
False
Does 705 divide 841154535?
True
Is 371929328 a multiple of 76?
False
Is 161 a factor of 154219339?
False
Is 273 a factor of 1798065282?
False
Is 551 a factor of 18108615?
True
Does 368 divide 321614337?
False
Is 154540834 a multiple of 12?
False
Is 942361 a multiple of 22?
False
Does 18 divide 12607131?
False
Is 11046653 a multiple of 7?
False
Is 8500272 a multiple of 132?
True
Is 1320088000 a multiple of 2464?
True
Does 38 divide 2878627870?
True
Does 54 divide 14809986?
True
Is 141279284 a multiple of 397?
False
Is 39582249 a multiple of 4?
False
Is 122302302 a multiple of 1758?
True
Is 37380325 a multiple of 1627?
True
Is 6466665 a multiple of 2181?
True
Is 6096789 a multiple of 11?
False
Is 9411905 a multiple of 2032?
False
Is 314368194 a multiple of 4487?
True
Is 92 a factor of 199423170?
False
Does 1314 divide 65961486?
True
Does 4347 divide 625419645?
False
Is 1103 a factor of 11141461?
False
Is 24212160 a multiple of 9?
True
Is 991390672 a multiple of 16?
True
Is 4988174584 a multiple of 5436?
False
Is 6207384 a multiple of 37?
False
Does 1155 divide 671358852?
False
Does 24 divide 1333442904?
True
Is 294 a factor of 13510349?
False
Is 444974944 a multiple of 8?
True
Is 2 a factor of 8244365?
False
Does 60 divide 1651916197?
False
Does 4614 divide 991387110?
True
Does 12 divide 157710695?
False
I